192. What are the prime factors of v?
7, 19
Let x be 14/4 + 2/4. Suppose x*u - 18 = 10. What are the prime factors of u?
7
What are the prime factors of (57 + 0)*(-2)/18*-15?
5, 19
Let c = 2 - 1. What are the prime factors of (-3)/(4 - c) - -51?
2, 5
Let c(m) = -20*m**3 - m**2 + 4*m + 5. List the prime factors of c(-2).
3, 17
Suppose 3*y + z = 109 - 24, 3*y = -3*z + 93. List the prime factors of y.
3
Let i = 13 - 8. Suppose -2*t + 5*t = -2*s + 5, -s - 15 = i*t. What are the prime factors of s?
2, 5
Let d(l) = 14*l**2 - 2*l - 1. List the prime factors of d(-1).
3, 5
Let x be (10/8)/((-1)/(-12)). List the prime factors of (-62)/(-8) - x/20.
7
Let a(o) = o**3 - 2*o - 1. Let d be a(2). Suppose -d*z = -8*z + 80. Suppose 0 = -5*b + z + 14. What are the prime factors of b?
2, 3
Let a = 9 - 16. Let x(s) = 7*s**2 + 19*s - 9. Let c(u) = -3*u**2 - 9*u + 5. Let q(k) = 5*c(k) + 2*x(k). List the prime factors of q(a).
7
Suppose l + 2*s - 22 = -2*s, -3*l + 4*s - 14 = 0. List the prime factors of (l/4)/((-3)/(-66)).
11
Let n(m) = 17*m - 9. Let b be n(4). Let w = b + -35. What are the prime factors of w?
2, 3
Suppose -4*s + 25 + 31 = 0. What are the prime factors of s?
2, 7
Suppose s - 9 = 18. Suppose 0 = d - 4*d + s. What are the prime factors of d?
3
Suppose 2*w - 4*w - 5*f + 22 = 0, 2*w - f = 10. Let z = 8 - w. Suppose -5*l + 1 = 2*a - 0, 4*a + z*l - 42 = 0. What are the prime factors of a?
13
Let q(n) be the second derivative of 5*n**3/6 + n**2 + 3*n. Let x be q(-4). List the prime factors of -4 - x - 1*-2.
2
Let r be ((-21)/2)/((-6)/8). Suppose r + 58 = 3*i. What are the prime factors of i?
2, 3
Let z be 60/2*136/51. Suppose 0 = -2*l - 2*l + z. List the prime factors of l.
2, 5
Let a(p) = p**3 - 6*p**2 - 5*p + 5. What are the prime factors of a(7)?
19
Suppose 0 = -0*s - 3*s + 216. What are the prime factors of ((-5)/(-10))/(2/s)?
2, 3
Let t(a) = -4*a + 4*a + a. Let r be t(6). Let q(f) = -f**2 + 9*f - 7. List the prime factors of q(r).
11
Let w = 15 + -9. Let s(h) = -3*h - 1. Let i be s(1). Let b = w - i. What are the prime factors of b?
2, 5
Let c = -398 - -598. Suppose c = 4*h - 4*w, 0 = -2*h - 4*w + 50 + 26. List the prime factors of h.
2, 23
Suppose z - 4 = -2*t + 4, -t - 3 = -3*z. Suppose t*g + 2 = -2*h, 3*h + 2*h + 3*g - 4 = 0. List the prime factors of h.
2
Let w = 22 + -33. Let y = w + 21. What are the prime factors of y?
2, 5
Suppose -2*u - 8 = 0, -4*b + 3*u - 3 = -23. Let s be 0/(2*1/b). Suppose -4*x + s*x + 40 = 0. What are the prime factors of x?
2, 5
Suppose -2*d - 4 = -0*d. Let b be (d/(-6))/((-4)/(-48)). Suppose -3*n - 20 = -2*g - 8*n, g + b*n - 13 = 0. What are the prime factors of g?
5
Let f = 13 + -13. Suppose 5*p - 4 + 150 = 3*b, 2*b + 2*p - 76 = f. What are the prime factors of b?
2, 3, 7
Let i be ((-9)/12)/((-2)/8). Suppose -3*l = k + 10, 3*l - 2*l = -i*k + 2. List the prime factors of (l + 3)/(1/(-11)).
11
Let j be 3/(9/30) + 2. Suppose 2*r - 3*r + 2*v = 4, -3*v + j = 0. Let g(h) = h**3 - 3*h**2 - h - 3. What are the prime factors of g(r)?
3
Let l(a) = -4*a + 11. Let k be l(-10). Suppose -m + k - 17 = 0. What are the prime factors of m?
2, 17
Let t(o) be the second derivative of o**4/12 + 4*o**3/3 + 2*o**2 - 2*o. Let s be t(-7). What are the prime factors of s/((-9)/2)*18?
2, 3
Suppose 0 = -2*p - 2*p + 36. Let h = -22 - -16. Let z = p + h. What are the prime factors of z?
3
Let h(f) = 22*f**2 + f. Let j be 4/6 - 7/(-3). Suppose 6*k - 3*k + j = 0. List the prime factors of h(k).
3, 7
Suppose -2*q = -3*q + 2. Suppose 0 = 3*t - q*t - 7. What are the prime factors of t?
7
Let f(l) = l**2 + 2. Let q be f(0). Suppose -k + q = -2. List the prime factors of k.
2
Let n(b) = -2*b**2 + 5*b**2 - 3*b**2 + b**2 - 2*b + 6. List the prime factors of n(4).
2, 7
Let q(z) = -7*z + z**3 + 0*z**3 - 3 - 2 + 4*z**2. Let a be q(-5). Let v(i) = i**2 - 3*i + 7. List the prime factors of v(a).
17
Let w(x) = x**3 + 10*x**2 - 10*x - 2. Let f be w(-11). What are the prime factors of 501/39 - 2/f?
13
Let c be (3*-1)/(1/12). Let w = c + 52. Let s = -9 + w. List the prime factors of s.
7
Let v(c) = -4*c + 4. List the prime factors of v(-7).
2
Let u = 15 + -18. Let n(v) = v**2 - 6*v + 1 + v - 4 + 1. What are the prime factors of n(u)?
2, 11
Suppose -14 = -3*w - 2. What are the prime factors of w/(-14) + 172/14?
2, 3
Let c(f) = -f**3 + 6*f**2 + 8*f - 8. Let l be c(6). Let a = l - 22. What are the prime factors of a?
2, 3
Suppose -m = -8 - 8. Suppose -5*z - 4*p - 27 = 0, 0 = 4*z - p + 46 - m. Let j = z + 12. List the prime factors of j.
5
Let i = 3 + 2. Let w(t) = -t**2 - 5*t - 5. Let k be w(-4). Let x = k + i. List the prime factors of x.
2
Let h(l) be the first derivative of 8*l**3/3 - l**2 + l - 3. Let c be h(1). Let n = c + 5. What are the prime factors of n?
2, 3
Let i be 1/4 + 6/8. List the prime factors of i + -3 + 1 - -16.
3, 5
Let p(u) = -7*u**3 + 5*u**2 + 6*u - 21. Let g(o) = o**3 - o**2 - o + 1. Let m(v) = -6*g(v) - p(v). List the prime factors of m(0).
3, 5
Suppose 0 = -4*j + 5*j + 1, -61 = -4*z + j. What are the prime factors of z?
3, 5
Let m(q) = -2*q + 3. What are the prime factors of m(-7)?
17
Suppose 28 = 2*p + 8. What are the prime factors of (-57)/(-5) - 4/p?
11
Suppose -3*q + 12 = -q. Let b be (-2)/q + 2/6. What are the prime factors of b + 1 + 11 + -3?
3
Let k be 2/4*-1*-2. Let p be (-2 + 1 + 4)*k. Suppose p*r = -12, -2*r = f + 3*r + 11. List the prime factors of f.
3
Let c(n) = -n - 16. Let p be c(-7). Let l(m) = -m + 4. What are the prime factors of l(p)?
13
Let n be ((-3)/(-2))/(6/8). Suppose n = -3*k + 8. Let p = 7 - k. List the prime factors of p.
5
Let i(j) = j**3 + 12*j**2 + 6*j + 4. What are the prime factors of i(-8)?
2, 53
Let b = -39 + 64. What are the prime factors of b?
5
Suppose 5*m - 2*k = 44, 0 = -4*m - m - k + 38. Let h = 10 - m. List the prime factors of h.
2
Suppose -l + 2*j = 3, -7*l - 2*j = -3*l - 28. Let n = -3 + l. What are the prime factors of n?
2
Suppose 4*q + b = 899, 0 = -3*b + 5 + 4. List the prime factors of q.
2, 7
Let a(p) be the first derivative of -1 + 1/2*p**2 + 8*p. List the prime factors of a(0).
2
Suppose 33 = 2*v - v. Suppose -4*q + v + 31 = 0. What are the prime factors of q?
2
Let u = 359 + -209. List the prime factors of u.
2, 3, 5
Suppose 0*d + 2 = d. Suppose -3*w + r + 33 = -d*w, -4*w - r + 122 = 0. List the prime factors of w.
31
Suppose -21*c + 114 = -19*c. List the prime factors of c.
3, 19
Suppose -4*s = 5*b - 283, -3*s = -2*b + 37 + 67. List the prime factors of b.
5, 11
Let l = 89 - -5. List the prime factors of l.
2, 47
Suppose 0 = f + 1 - 58. List the prime factors of f.
3, 19
Suppose -t + 3 = 4*t - 3*w, 4 = -5*t - 4*w. Suppose -6*b + b + 85 = t. What are the prime factors of b?
17
Let a = -12 - -32. What are the prime factors of a?
2, 5
Suppose 5*x - 84 = 3*x. What are the prime factors of x?
2, 3, 7
Let f(q) = -14*q. Let x be f(2). Let j = -41 - x. Let s = -7 - j. List the prime factors of s.
2, 3
Suppose -32 - 259 = -3*m. List the prime factors of m.
97
List the prime factors of (4/3*-1)/(2/(-93)).
2, 31
Suppose -3*z + 3 + 3 = 0. Suppose -z*r - 7 = -3*h - 50, 55 = -5*h - 5*r. Let s = -4 - h. What are the prime factors of s?
3
Let d(r) = r**3 - 7*r**2 + 7*r + 3. Let v be d(6). List the prime factors of (66/(-9))/((-6)/v).
11
Suppose 4*r - 57 = r. Suppose -r*n + 16*n + 24 = 0. List the prime factors of n.
2
List the prime factors of 9/((-27)/(-6)) + 65.
67
Suppose -3*s = -35 - 7. List the prime factors of s.
2, 7
Let k = -4 + 2. Let i = 2 + k. Suppose i + 10 = s. List the prime factors of s.
2, 5
Let a = -1 + -3. Let h = a - -6. What are the prime factors of h?
2
Suppose 3*x = -x + g + 1, -3*g = -x + 3. Let w(n) be the second derivative of n**4/12 - n**3/6 + 11*n**2/2 + 18*n. What are the prime factors of w(x)?
11
Let z(f) = -7*f - 12. Let x be z(-8). Suppose 2*a - x = -6. List the prime factors of a.
19
Let a(i) = -90*i - 1. Let l be a(-1). Suppose -l = -5*q + 41. What are the prime factors of q?
2, 13
Suppose -o - 84 = -3*r - 0*r, 0 = r + 2*o - 21. Suppose -3*t = 5*q + 83, 3*q = 3*t + r + 72. Let n = -20 - t. What are the prime factors of n?
11
Suppose -2*l + 210 = j, 320 = -0*l + 3*l + 4*j. List the prime factors of l.
2, 13
Let c be 2*(-1 - 1/2). Let d be (3/c + 4)/1. Suppose -3*b + 15 = 